{"id":2,"date":"2018-03-12T14:57:30","date_gmt":"2018-03-12T14:57:30","guid":{"rendered":"http:\/\/localhost\/CalsAvis\/?page_id=2"},"modified":"2021-01-18T15:26:04","modified_gmt":"2021-01-18T13:26:04","slug":"inici","status":"publish","type":"page","link":"https:\/\/www.calsavis.cat\/","title":{"rendered":"Inici"},"content":{"rendered":"<p><img loading=\"lazy\" decoding=\"async\" class=\"alignnone wp-image-64\" src=\"http:\/\/www.calsavis.cat\/wp-content\/uploads\/2018\/03\/634588-IMG_1336.w1024-300x225.jpg\" alt=\"\" width=\"508\" height=\"381\" srcset=\"https:\/\/www.calsavis.cat\/wp-content\/uploads\/2018\/03\/634588-IMG_1336.w1024-300x225.jpg 300w, https:\/\/www.calsavis.cat\/wp-content\/uploads\/2018\/03\/634588-IMG_1336.w1024-768x576.jpg 768w, https:\/\/www.calsavis.cat\/wp-content\/uploads\/2018\/03\/634588-IMG_1336.w1024.jpg 1024w\" sizes=\"auto, (max-width: 508px) 100vw, 508px\" \/>\u00a0 \u00a0\u00a0<img loading=\"lazy\" decoding=\"async\" class=\"alignnone wp-image-63\" src=\"http:\/\/www.calsavis.cat\/wp-content\/uploads\/2018\/03\/760294-IMG_1343.w1024-300x225.jpg\" alt=\"\" width=\"508\" height=\"381\" srcset=\"https:\/\/www.calsavis.cat\/wp-content\/uploads\/2018\/03\/760294-IMG_1343.w1024-300x225.jpg 300w, https:\/\/www.calsavis.cat\/wp-content\/uploads\/2018\/03\/760294-IMG_1343.w1024-768x576.jpg 768w, https:\/\/www.calsavis.cat\/wp-content\/uploads\/2018\/03\/760294-IMG_1343.w1024.jpg 1024w\" sizes=\"auto, (max-width: 508px) 100vw, 508px\" \/><\/p>\n<h2 style=\"text-align: center;\"><span style=\"color: #8c161d;\"><strong>Cals Avis<\/strong><\/span><\/h2>\n<div><span style=\"color: #8c161d;\">Benvinguts a la p\u00e0gina web de\u00a0<strong>Cals Avis Resid\u00e8ncia Rocaprevera<\/strong>\u00a0i\u00a0<strong>Centre de Dia L\u2019Oreig<\/strong>\u00a0de\u00a0<strong>Torell\u00f3<\/strong>.<\/span><\/div>\n<div><span style=\"color: #8c161d;\">\u00a0<\/span><\/div>\n<div><span style=\"color: #8c161d;\">La fundaci\u00f3 d&#8217;ancians de\u00a0<strong>Sant Feliu de Torell\u00f3<\/strong>, \u00e9s una fundaci\u00f3 civil de car\u00e0cter particular i privat que es va constituir l&#8217;any 1973, fou declarada &#8220;Instituci\u00f3 ben\u00e8fico\u00a0social&#8221;.<\/span><\/div>\n<div><span style=\"color: #8c161d;\">\u00a0<\/span><\/div>\n<div><span style=\"color: #8c161d;\">Aquesta fundaci\u00f3 est\u00e0 regida per un patronat presidit segons prescriuen els seus estatuts, per l&#8217;alcalde de Torell\u00f3, i format per una \u00e0mplia representaci\u00f3 dels elements pol\u00edtics, socials i culturals de la localitat. El govern d\u2019 administraci\u00f3 i representaci\u00f3 de la fundaci\u00f3 est\u00e0 en mans d\u2019un patronat.<\/span><\/div>\n<div><span style=\"color: #8c161d;\">\u00a0<\/span><\/div>\n<div><span style=\"color: #8c161d;\">El 10 de maig de l\u2019any 1981 es va inaugurar el centre\u00a0<strong>Cals Avis Resid\u00e8ncia Rocaprevera<\/strong>\u00a0per donar el servei de resid\u00e8ncia a 44 usuaris i posteriorment al 1992 s\u2019amplia el servei fins a 58 places. Actualment comptem amb 65 places (30 places concertades i 35 places privades).<\/span><\/div>\n<div><span style=\"color: #8c161d;\">\u00a0<\/span><\/div>\n<div><span style=\"color: #8c161d;\">Des del 5 de juny del 2008, est\u00e0 en funcionament el <strong>Centre de dia L&#8217; Oreig,<\/strong> un centre de dia amb instal\u00b7lacions independents de la resid\u00e8ncia i amb amb una capacitat de <strong>25 places. <\/strong>\u00a0Obert els dies feiners de 8 del mat\u00ed a 8 del vespre, les persones usu\u00e0ries p<\/span><span style=\"color: #8c161d;\">oden gaudir d\u2019un servei m\u00e9s acurat, depenent de les\u00a0 seves necessitats, de les instal\u2022lacions, dels serveis dels professionals de la pr\u00f2pia resid\u00e8ncia i, d&#8217; un servei de transport adaptat municipal per anar a buscar i tornar cada usuari a casa seva.<\/span><\/div>\n<div><span style=\"color: #8c161d;\">\u00a0<\/span><\/div>\n<p><img loading=\"lazy\" decoding=\"async\" class=\"alignnone wp-image-59\" src=\"http:\/\/www.calsavis.cat\/wp-content\/uploads\/2018\/03\/832032-20170627_090923.w1024-300x169.jpg\" alt=\"\" width=\"422\" height=\"238\" srcset=\"https:\/\/www.calsavis.cat\/wp-content\/uploads\/2018\/03\/832032-20170627_090923.w1024-300x169.jpg 300w, https:\/\/www.calsavis.cat\/wp-content\/uploads\/2018\/03\/832032-20170627_090923.w1024-768x432.jpg 768w, https:\/\/www.calsavis.cat\/wp-content\/uploads\/2018\/03\/832032-20170627_090923.w1024.jpg 1024w\" sizes=\"auto, (max-width: 422px) 100vw, 422px\" \/><\/p>\n<p><img loading=\"lazy\" decoding=\"async\" class=\"alignnone wp-image-60\" src=\"http:\/\/www.calsavis.cat\/wp-content\/uploads\/2018\/03\/832033-20170627_090515.w1024-300x169.jpg\" alt=\"\" width=\"418\" height=\"236\" srcset=\"https:\/\/www.calsavis.cat\/wp-content\/uploads\/2018\/03\/832033-20170627_090515.w1024-300x169.jpg 300w, https:\/\/www.calsavis.cat\/wp-content\/uploads\/2018\/03\/832033-20170627_090515.w1024-768x432.jpg 768w, https:\/\/www.calsavis.cat\/wp-content\/uploads\/2018\/03\/832033-20170627_090515.w1024.jpg 1024w\" sizes=\"auto, (max-width: 418px) 100vw, 418px\" \/><\/p>\n<table align=\"center\">\n<tbody>\n<tr>\n<th width=\"33%\"><img decoding=\"async\" src=\"http:\/\/www.calsavis.cat\/wp-content\/uploads\/2018\/04\/tel.png\" \/><\/th>\n<th width=\"33%\"><img decoding=\"async\" src=\"http:\/\/www.calsavis.cat\/wp-content\/uploads\/2018\/04\/dir.png\" \/><\/th>\n<th width=\"33%\"><img decoding=\"async\" src=\"http:\/\/www.calsavis.cat\/wp-content\/uploads\/2018\/04\/mail.png\" \/><\/th>\n<\/tr>\n<tr>\n<th width=\"33%\">938590239<\/th>\n<th width=\"33%\">Pujada Rocaprevera, s\/n TORELL\u00d3 (BARCELONA)<\/th>\n<th width=\"33%\">calsavis@calsavis.cat<\/th>\n<\/tr>\n<\/tbody>\n<\/table>\n","protected":false},"excerpt":{"rendered":"<p>\u00a0 \u00a0\u00a0 Cals Avis Benvinguts a la p\u00e0gina web de\u00a0Cals Avis Resid\u00e8ncia Rocaprevera\u00a0i\u00a0Centre de Dia L\u2019Oreig\u00a0de\u00a0Torell\u00f3. \u00a0 La fundaci\u00f3 d&#8217;ancians de\u00a0Sant Feliu de Torell\u00f3, \u00e9s una fundaci\u00f3 civil de car\u00e0cter&hellip;<\/p>\n","protected":false},"author":1,"featured_media":0,"parent":0,"menu_order":0,"comment_status":"closed","ping_status":"open","template":"template-fullwidth.php","meta":{"footnotes":""},"class_list":["post-2","page","type-page","status-publish","hentry","no-post-thumbnail"],"_links":{"self":[{"href":"https:\/\/www.calsavis.cat\/index.php\/wp-json\/wp\/v2\/pages\/2","targetHints":{"allow":["GET"]}}],"collection":[{"href":"https:\/\/www.calsavis.cat\/index.php\/wp-json\/wp\/v2\/pages"}],"about":[{"href":"https:\/\/www.calsavis.cat\/index.php\/wp-json\/wp\/v2\/types\/page"}],"author":[{"embeddable":true,"href":"https:\/\/www.calsavis.cat\/index.php\/wp-json\/wp\/v2\/users\/1"}],"replies":[{"embeddable":true,"href":"https:\/\/www.calsavis.cat\/index.php\/wp-json\/wp\/v2\/comments?post=2"}],"version-history":[{"count":75,"href":"https:\/\/www.calsavis.cat\/index.php\/wp-json\/wp\/v2\/pages\/2\/revisions"}],"predecessor-version":[{"id":1573,"href":"https:\/\/www.calsavis.cat\/index.php\/wp-json\/wp\/v2\/pages\/2\/revisions\/1573"}],"wp:attachment":[{"href":"https:\/\/www.calsavis.cat\/index.php\/wp-json\/wp\/v2\/media?parent=2"}],"curies":[{"name":"wp","href":"https:\/\/api.w.org\/{rel}","templated":true}]}}

<p><img loading="lazy" decoding="async" class="alignnone wp-image-64" src="http://www.calsavis.cat/wp-content/uploads/2018/03/634588-IMG_1336.w1024-300x225.jpg" alt="" width="508" height="381" srcset="https://www.calsavis.cat/wp-content/uploads/2018/03/634588-IMG_1336.w1024-300x225.jpg 300w, https://www.calsavis.cat/wp-content/uploads/2018/03/634588-IMG_1336.w1024-768x576.jpg 768w, https://www.calsavis.cat/wp-content/uploads/2018/03/634588-IMG_1336.w1024.jpg 1024w" sizes="auto, (max-width: 508px) 100vw, 508px" />    <img loading="lazy" decoding="async" class="alignnone wp-image-63" src="http://www.calsavis.cat/wp-content/uploads/2018/03/760294-IMG_1343.w1024-300x225.jpg" alt="" width="508" height="381" srcset="https://www.calsavis.cat/wp-content/uploads/2018/03/760294-IMG_1343.w1024-300x225.jpg 300w, https://www.calsavis.cat/wp-content/uploads/2018/03/760294-IMG_1343.w1024-768x576.jpg 768w, https://www.calsavis.cat/wp-content/uploads/2018/03/760294-IMG_1343.w1024.jpg 1024w" sizes="auto, (max-width: 508px) 100vw, 508px" /></p>
<h2 style="text-align: center;"><span style="color: #8c161d;"><strong>Cals Avis</strong></span></h2>
<div><span style="color: #8c161d;">Benvinguts a la pàgina web de <strong>Cals Avis Residència Rocaprevera</strong> i <strong>Centre de Dia L’Oreig</strong> de <strong>Torelló</strong>.</span></div>
<div><span style="color: #8c161d;"> </span></div>
<div><span style="color: #8c161d;">La fundació d&#8217;ancians de <strong>Sant Feliu de Torelló</strong>, és una fundació civil de caràcter particular i privat que es va constituir l&#8217;any 1973, fou declarada &#8220;Institució benèfico social&#8221;.</span></div>
<div><span style="color: #8c161d;"> </span></div>
<div><span style="color: #8c161d;">Aquesta fundació està regida per un patronat presidit segons prescriuen els seus estatuts, per l&#8217;alcalde de Torelló, i format per una àmplia representació dels elements polítics, socials i culturals de la localitat. El govern d’ administració i representació de la fundació està en mans d’un patronat.</span></div>
<div><span style="color: #8c161d;"> </span></div>
<div><span style="color: #8c161d;">El 10 de maig de l’any 1981 es va inaugurar el centre <strong>Cals Avis Residència Rocaprevera</strong> per donar el servei de residència a 44 usuaris i posteriorment al 1992 s’amplia el servei fins a 58 places. Actualment comptem amb 65 places (30 places concertades i 35 places privades).</span></div>
<div><span style="color: #8c161d;"> </span></div>
<div><span style="color: #8c161d;">Des del 5 de juny del 2008, està en funcionament el <strong>Centre de dia L&#8217; Oreig,</strong> un centre de dia amb instal·lacions independents de la residència i amb amb una capacitat de <strong>25 places. </strong> Obert els dies feiners de 8 del matí a 8 del vespre, les persones usuàries p</span><span style="color: #8c161d;">oden gaudir d’un servei més acurat, depenent de les  seves necessitats, de les instal•lacions, dels serveis dels professionals de la pròpia residència i, d&#8217; un servei de transport adaptat municipal per anar a buscar i tornar cada usuari a casa seva.</span></div>
<div><span style="color: #8c161d;"> </span></div>
<p><img loading="lazy" decoding="async" class="alignnone wp-image-59" src="http://www.calsavis.cat/wp-content/uploads/2018/03/832032-20170627_090923.w1024-300x169.jpg" alt="" width="422" height="238" srcset="https://www.calsavis.cat/wp-content/uploads/2018/03/832032-20170627_090923.w1024-300x169.jpg 300w, https://www.calsavis.cat/wp-content/uploads/2018/03/832032-20170627_090923.w1024-768x432.jpg 768w, https://www.calsavis.cat/wp-content/uploads/2018/03/832032-20170627_090923.w1024.jpg 1024w" sizes="auto, (max-width: 422px) 100vw, 422px" /></p>
<p><img loading="lazy" decoding="async" class="alignnone wp-image-60" src="http://www.calsavis.cat/wp-content/uploads/2018/03/832033-20170627_090515.w1024-300x169.jpg" alt="" width="418" height="236" srcset="https://www.calsavis.cat/wp-content/uploads/2018/03/832033-20170627_090515.w1024-300x169.jpg 300w, https://www.calsavis.cat/wp-content/uploads/2018/03/832033-20170627_090515.w1024-768x432.jpg 768w, https://www.calsavis.cat/wp-content/uploads/2018/03/832033-20170627_090515.w1024.jpg 1024w" sizes="auto, (max-width: 418px) 100vw, 418px" /></p>
<table align="center">
<tbody>
<tr>
<th width="33%"><img decoding="async" src="http://www.calsavis.cat/wp-content/uploads/2018/04/tel.png" /></th>
<th width="33%"><img decoding="async" src="http://www.calsavis.cat/wp-content/uploads/2018/04/dir.png" /></th>
<th width="33%"><img decoding="async" src="http://www.calsavis.cat/wp-content/uploads/2018/04/mail.png" /></th>
</tr>
<tr>
<th width="33%">938590239</th>
<th width="33%">Pujada Rocaprevera, s/n TORELLÓ (BARCELONA)</th>
<th width="33%">calsavis@calsavis.cat</th>
</tr>
</tbody>
</table>

<p>     Cals Avis Benvinguts a la pàgina web de Cals Avis Residència Rocaprevera i Centre de Dia L’Oreig de Torelló.   La fundació d&#8217;ancians de Sant Feliu de Torelló, és una fundació civil de caràcter&hellip;</p>
