{"id":362,"date":"2018-04-10T14:29:19","date_gmt":"2018-04-10T14:29:19","guid":{"rendered":"http:\/\/www.calsavis.cat\/nova\/?page_id=362"},"modified":"2025-09-30T10:48:59","modified_gmt":"2025-09-30T08:48:59","slug":"politica-de-cookies","status":"publish","type":"page","link":"http:\/\/www.calsavis.cat\/index.php\/politica-de-cookies\/","title":{"rendered":"Pol\u00edtica de cookies"},"content":{"rendered":"<p>&nbsp;<\/p>\n<p>Data d\u2019\u00faltima actualitzaci\u00f3 30 de setembre de 2025.<\/p>\n<p><strong>Que s\u00f3n les cook\u00edes?<br \/>\n<\/strong><br \/>\nUna cookie \u00e9s un f\u00a1txer que es descarrega als dispositius al accedir a determinades pagines web, plataformes o aplicacions, per emmagatzemar i recuperar informoci\u00f3 mentre l&#8217;usuari accedeix als seus continguts.<br \/>\nLes cookies poden servir per finalitats molt diverses com, per exemple, recon\u00e9ixer a l&#8217;usuari, obtenir informaci\u00f3 sobre els h\u00e0bits de navegaci\u00f3 de l&#8217;usuari, o personalitzar la manera en qu\u00e9 es mostra el contingut a l&#8217;usuari.<\/p>\n<p><strong>Quines cook\u00edes s&#8217;utilitzen en aquesta pagina web?<br \/>\n<\/strong><br \/>\nL&#8217;\u00fas concret que es fa en aquesta pagina web de les cookies es descriu a continuaci\u00f3:<\/p>\n<p><strong>Cookies de Google:<\/strong><\/p>\n<ul>\n<li>Tipus: Cookie de tercer (<a href=\"https:\/\/developers.google.com\/analytics\/devguides\/collection\/analyticsjs\/cookie-usage?hl=es\">Coneix el tercer<\/a>)<\/li>\n<li>Finalitat: Ubicaci\u00f3 i Anal\u00edtica<\/li>\n<li>Proporciona el servei de mapes de la p\u00e0gina contacte. Registra l&#8217;origen de l&#8217;usuari i les keywords utilitzades.<\/li>\n<li>Proporciona dades an\u00f2nimes sobre les visites a la p\u00e0gina web.<\/li>\n<\/ul>\n<p><strong>Cookies CalsAvis:<\/strong><\/p>\n<ul>\n<li>Tipus: Cookie Propia<\/li>\n<li>Finalitat: Funcionament<\/li>\n<li>Permet que la pagina web recordi la informaci\u00f3 escollida per l&#8217;usuari perque accedeixi al servei amb determinades caracter\u00edstiques que poden diferenciar la seva experi\u00e9ncia de la d&#8217;altres usuaris.<\/li>\n<\/ul>\n<p>&nbsp;<\/p>\n<p>Pots informar-te de les transfer\u00e9ncies a tercers paisos que, en el seu cas, realitzin els tercers aqu\u00ed identif\u00a1cats, a les seves pol\u00edtiques de cookies (veure l&#8217;enlla\u00e7 corresponent o +Coneix el tercer).<\/p>\n<p>Es considerara que existeix tractament de dades personals a trav\u00e9s de les cookies quan un usuari s&#8217;hagi identif\u00a1cat a trav\u00e9s d&#8217;un nom o d&#8217;una direcci\u00f3 de correu que l&#8217;identifiqui, o b\u00e9 quan utilitzi, identif\u00a1cadors \u00fanics que permetin distingir uns determinats usuans de la resta i realitzar un seguiment individual. Per obtenir informaci\u00f3 addicional i detallada sobre els drets de l&#8217;usuari i del tractament de les seves dades personals realitzades a trav\u00e9s de les cookies d&#8217;aquesta pagina web, pot consultar la pol\u00edtica de privacitat <a href=\"https:\/\/www.calsavis.cat\/index.php\/politica-de-privacitat\/\">aqu\u00ed.<\/a><\/p>\n<p>Li recordem que pot pot esborrar l&#8217;historial de navegaci\u00f3 (incloent-hi les cookies) del seu navegador, consultant les opcions i instruccions proporcionades pel seu navegador, tal i com s&#8217;indica o continuaci\u00f3:<\/p>\n<ul>\n<li>Microsoft Internet Explorer: http:\/\/windows.microsoft.com\/es-ES\/windows-vista\/Block-or-allow-cookies<\/li>\n<li>Firefox: http:\/\/support.mozilla.org\/es\/kb\/habilitar-y-deshabilitar-cookies-que-los-sitios-we<\/li>\n<li>Safari. http:\/\/support.apple.com\/kb\/HT1677?viewlocale=es_ES<\/li>\n<li>Google Chrome: https:\/\/support.google.com\/chrome\/answer\/956477hl=es<\/li>\n<li>Opera: https:\/\/help.opera.com\/en\/latest\/web-preferences\/#cookies<\/li>\n<\/ul>\n<p>La present Pol\u00edtica de Cookies es podra modificar quan aix\u00ed ho exigeixi la legislaci\u00f3 vigent en cada moment o quan hi hagu\u00e9s alguna variaci\u00f3 en el tipus de cookies utilitzades a la pagina web.<\/p>\n<p>Si desitja m\u00e9s informaci\u00f3 sobre l&#8217;\u00fas de cookies d&#8217;aquesta pagino web, pot dirigir-se a rgpd@colsavis.cat.<\/p>\n<p>Aquesta pol\u00edtica va ser modificada per \u00faltima vegada el 30 de setembre del 2025.<\/p>\n","protected":false},"excerpt":{"rendered":"<p>&nbsp; Data d\u2019\u00faltima actualitzaci\u00f3 30 de setembre de 2025. Que s\u00f3n les cook\u00edes? Una cookie \u00e9s un f\u00a1txer que es descarrega als dispositius al accedir a determinades pagines web, plataformes&hellip;<\/p>\n","protected":false},"author":1,"featured_media":0,"parent":0,"menu_order":0,"comment_status":"closed","ping_status":"closed","template":"template-fullwidth.php","meta":{"footnotes":""},"class_list":["post-362","page","type-page","status-publish","hentry","no-post-thumbnail"],"_links":{"self":[{"href":"http:\/\/www.calsavis.cat\/index.php\/wp-json\/wp\/v2\/pages\/362","targetHints":{"allow":["GET"]}}],"collection":[{"href":"http:\/\/www.calsavis.cat\/index.php\/wp-json\/wp\/v2\/pages"}],"about":[{"href":"http:\/\/www.calsavis.cat\/index.php\/wp-json\/wp\/v2\/types\/page"}],"author":[{"embeddable":true,"href":"http:\/\/www.calsavis.cat\/index.php\/wp-json\/wp\/v2\/users\/1"}],"replies":[{"embeddable":true,"href":"http:\/\/www.calsavis.cat\/index.php\/wp-json\/wp\/v2\/comments?post=362"}],"version-history":[{"count":8,"href":"http:\/\/www.calsavis.cat\/index.php\/wp-json\/wp\/v2\/pages\/362\/revisions"}],"predecessor-version":[{"id":2107,"href":"http:\/\/www.calsavis.cat\/index.php\/wp-json\/wp\/v2\/pages\/362\/revisions\/2107"}],"wp:attachment":[{"href":"http:\/\/www.calsavis.cat\/index.php\/wp-json\/wp\/v2\/media?parent=362"}],"curies":[{"name":"wp","href":"https:\/\/api.w.org\/{rel}","templated":true}]}}